What is the ten millions digit of 20174672?
2
What is the units digit of 912241869?
9
What is the hundreds digit of 667656361?
3
What is the hundred millions digit of 2798378775?
7
What is the hundred thousands digit of 1420204773?
2
What is the hundreds digit of 299803980?
9
What is the hundred thousands digit of 1761456397?
4
What is the tens digit of 959583408?
0
What is the ten thousands digit of 79144861?
4
What is the thousands digit of 2762258146?
8
What is the ten millions digit of 35429882?
3
What is the ten millions digit of 734599673?
3
What is the thousands digit of 27217971?
7
What is the hundred thousands digit of 46264522?
2
What is the millions digit of 776810347?
6
What is the hundreds digit of 1128063104?
1
What is the tens digit of 136293245?
4
What is the tens digit of 1889609876?
7
What is the hundred thousands digit of 8144710?
1
What is the thousands digit of 109855653?
5
What is the ten millions digit of 2420793477?
2
What is the tens digit of 1843268074?
7
What is the hundred millions digit of 687067805?
6
What is the ten thousands digit of 2368149016?
4
What is the ten millions digit of 3531646522?
3
What is the ten millions digit of 96055624?
9
What is the thousands digit of 5654289435?
9
What is the ten thousands digit of 839220061?
2
What is the ten thousands digit of 137479696?
7
What is the billions digit of 1879957076?
1
What is the millions digit of 2354978097?
4
What is the thousands digit of 63058450?
8
What is the tens digit of 522302118?
1
What is the millions digit of 2791917691?
1
What is the ten millions digit of 679405764?
7
What is the millions digit of 205927784?
5
What is the hundreds digit of 295258412?
4
What is the ten millions digit of 111336625?
1
What is the ten millions digit of 160456520?
6
What is the ten thousands digit of 844257473?
5
What is the thousands digit of 483904638?
4
What is the hundred millions digit of 373382363?
3
What is the hundred millions digit of 3456212336?
4
What is the hundreds digit of 89503159?
1
What is the hundred millions digit of 274374051?
2
What is the ten millions digit of 2336750110?
3
What is the hundred thousands digit of 906949338?
9
What is the ten thousands digit of 456527302?
2
What is the ten thousands digit of 1573981696?
8
What is the hundred thousands digit of 5049496?
0
What is the hundred millions digit of 546460667?
5
What is the units digit of 430207076?
6
What is the tens digit of 275143514?
1
What is the hundred thousands digit of 62853327?
8
What is the units digit of 19870677?
7
What is the units digit of 418155815?
5
What is the tens digit of 799850226?
2
What is the thousands digit of 48532644?
2
What is the ten millions digit of 675392738?
7
What is the ten thousands digit of 1490766051?
6
What is the hundreds digit of 142679881?
8
What is the units digit of 45177993?
3
What is the thousands digit of 169423230?
3
What is the hundreds digit of 183156402?
4
What is the hundred millions digit of 3400860345?
4
What is the millions digit of 398507170?
8
What is the hundreds digit of 15507319?
3
What is the thousands digit of 1288294206?
4
What is the tens digit of 623818369?
6
What is the ten millions digit of 238004751?
3
What is the ten millions digit of 391030512?
9
What is the units digit of 30222702?
2
What is the thousands digit of 51696036?
6
What is the ten thousands digit of 107258453?
5
What is the ten thousands digit of 409238138?
3
What is the ten millions digit of 167594042?
6
What is the hundred millions digit of 108261966?
1
What is the thousands digit of 118499408?
9
What is the ten millions digit of 6691019849?
9
What is the units digit of 2999037808?
8
What is the hundreds digit of 36389050?
0
What is the hundreds digit of 50441517?
5
What is the millions digit of 183671114?
3
What is the millions digit of 58917038?
8
What is the hundred thousands digit of 14521690?
5
What is the hundreds digit of 936033916?
9
What is the ten thousands digit of 170041240?
4
What is the ten thousands digit of 116278305?
7
What is the millions digit of 32136848?
2
What is the hundreds digit of 2003544246?
2
What is the thousands digit of 31403040?
3
What is the ten thousands digit of 9464987?
6
What is the tens digit of 3812302516?
1
What is the hundred thousands digit of 2355493316?
4
What is the ten millions digit of 107448764?
0
What is the thousands digit of 1507467764?
7
What is the units digit of 30698192?
2
What is the units digit of 21894817?
7
What is the tens digit of 238916061?
6
What is the ten millions digit of 62627297?
6
What is the hundred thousands digit of 909971318?
9
What is the hundred millions digit of 200078324?
2
What is the ten thousands digit of 280375011?
7
What is the millions digit of 331828260?
1
What is the ten millions digit of 39878407?
3
What is the hundred thousands digit of 1841557918?
5
What is the tens digit of 30727537?
3
What is the units digit of 87230646?
6
What is the hundreds digit of 3811749?
7
What is the hundreds digit of 88386818?
8
What is the tens digit of 281934812?
1
What is the millions digit of 3357422?
3
What is the units digit of 77461769?
9
What is the ten millions digit of 340103339?
4
What is the millions digit of 55083785?
5
What is the hundreds digit of 48885100?
1
What is the hundred thousands digit of 2549077917?
0
What is the units digit of 35223984?
4
What is the hundred thousands digit of 45251179?
2
What is the hundred thousands digit of 20448995?
4
What is the hundred millions digit of 2042249805?
0
What is the billions digit of 5154600202?
5
What is the tens digit of 239427988?
8
What is the tens digit of 341808313?
1
What is the ten millions digit of 4219457025?
1
What is the units digit of 1037466362?
2
What is the tens digit of 3376646135?
3
What is the thousands digit of 88698998?
8
What is the tens digit of 624830411?
1
What is the units digit of 997997568?
8
What is the hundreds digit of 735337457?
4
What is the ten thousands digit of 142812905?
1
What is the thousands digit of 35383974?
3
What is the hundreds digit of 30754933?
9
What is the thousands digit of 86819261?
9
What is the hundreds digit of 20640908?
9
What is the millions digit of 704532468?
4
What is the hundreds digit of 3510838496?
4
What is the tens digit of 2114230100?
0
What is the ten thousands digit of 64456414?
5
What is the ten millions digit of 51282233?
5
What is the ten millions digit of 263386470?
6
What is the hundred millions digit of 186096833?
1
What is the hundreds digit of 888256945?
9
What is the ten thousands digit of 1386757739?
5
What is the units digit of 1540587567?
7
What is the millions digit of 31279783?
1
What is the hundred thousands digit of 305001336?
0
What is the units digit of 27395305?
5
What is the ten millions digit of 113509636?
1
What is the millions digit of 4493096890?
3
What is the billions digit of 1378257717?
1
What is the units digit of 307177693?
3
What is the hundred thousands digit of 2570732337?
7
What is the ten thousands digit of 196524599?
2
What is the tens digit of 85295366?
6
What is the units digit of 1289299105?
5
What is the ten thousands digit of 95382227?
8
What is the hundreds digit of 183291860?
8
What is the millions digit of 600898088?
0
What is the hundreds digit of 413238882?
8
What is the millions digit of 1012438467?
2
What is the units digit of 6808370?
0
What is the thousands digit of 67764332?
4
What is the hundreds digit of 477172124?
1
What is the hundreds digit of 20881584?
5
What is the hundreds digit of 12335053?
0
What is the millions digit of 11837744?
1
What is the hundreds digit of 788502586?
5
What is the millions digit of 320549504?
0
What is the thousands digit of 2722125094?
5
What is the hundreds digit of 249882625?
6
What is the hundreds digit of 174112773?
7
What is the units digit of 408179645?
5
What is the ten thousands digit of 21042568?
4
What is the hundred millions digit of 115120823?
1
What is the hundreds digit of 84650177?
1
What is the millions digit of 1631073214?
1
What is the millions digit of 59820732?
9
What is the hundred thousands digit of 5691783?
6
What is the millions digit of 893106866?
3
What is the millions digit of 107657783?
7
What is the hundreds digit of 61363419?
4
What is the millions 